5*q - 1. What is the greatest common divisor of q and r?
1
Suppose 8136 = 27*p - 8793. What is the greatest common factor of 33 and p?
33
Suppose 31 = -t + 2*b, 11 - 95 = 3*t + 3*b. Let l = 81 + t. Calculate the greatest common divisor of l and 13.
13
Let k = 0 - -3. Suppose 3*h - 2*h - 2*r = 17, -k*h = -r - 26. Let z be (-3)/(-1) + h + 2. What is the highest common factor of 8 and z?
4
Suppose -18*j = -17*j - 10. Suppose j*k = 1494 - 214. Suppose -z + 20 = -2*a, -3*z - 2*a + 40 = 2*a. What is the greatest common divisor of z and k?
16
Suppose -3*p = -26 + 2. Suppose 8*c = 110 + 82. Calculate the greatest common divisor of c and p.
8
Let x(c) = -c**2 - 8*c - 12. Let s be x(-6). Suppose s = -34*d + 37*d - 18. What is the highest common factor of 2 and d?
2
Let r = -8 - -13. Suppose -r*w + 129 = -b, b + 74 = 3*w - 3*b. Let y = 150 + -98. Calculate the highest common factor of w and y.
26
Suppose 63*f + 876 = 81*f - 24. Suppose 0 = -5*t - 340 + 965. Calculate the highest common divisor of f and t.
25
Suppose 2*s = 3*z - 3*s + 188, -5*z + 3*s = 308. Let r = 8 - z. Suppose -a = -36 - 10. What is the greatest common factor of a and r?
23
Let i(k) = -k**3 + 5*k**2 + 3*k - 3. Let n be i(5). Let m be 1 + (-1 + 1 - -2). Suppose 0 = m*g - 4*g + 6. Calculate the greatest common divisor of n and g.
6
Suppose -3*a - 4*t + 562 = -827, 0 = 2*a + t - 921. Suppose -4*r - 3*f = -2*r - 117, -5*r - f = -260. Calculate the greatest common divisor of a and r.
51
Let k be (-183)/((60/(-8))/5). Let d = k + -67. What is the greatest common divisor of d and 11?
11
Suppose -737 = -42*p - 107. Let w be (0 - 4)/2 + 9. Let t = w + 38. What is the greatest common factor of t and p?
15
Suppose 2*y = 2*u - u + 240, 0 = 2*u. Calculate the greatest common divisor of y and 210.
30
Let w be 6/6 - (0 + 0). Let f be ((2/2 - 4) + 304)*w. What is the highest common factor of 43 and f?
43
Let d(s) = 4*s**2 - 106*s + 88. Let v be d(30). Calculate the highest common factor of v and 4.
4
Suppose 3*f = 85 - 10. Let i be (4 + -7)/((-3)/f). What is the greatest common factor of i and 75?
25
Suppose 2*q - 34 + 4 = 2*p, 0 = -3*p - q - 33. Let h be (p/14 - 0)*(37 - 44). What is the greatest common divisor of h and 48?
6
Let r be 1 - ((1 - 1) + 0). Let k = -36 + 37. Let h be (k - -6)/((-2)/(-2)). What is the greatest common factor of r and h?
1
Suppose -3*f = 4*i - 5, -i = 2*f + 5 - 0. Suppose 0 = i*v - 769 + 89. Let z = -3 + 20. Calculate the highest common factor of v and z.
17
Suppose -6*j + 9*j - 72 = 0. Suppose 5*c = c + j. Let y(b) = -b**3 - 5*b**2 - b + 1. Let u be y(-5). What is the highest common factor of u and c?
6
Let c be (-14 - 1)*(-1 - (-8)/12). Let n be (-19 + c)*(4/(-2) - 0). What is the greatest common factor of n and 4?
4
Let y be 1/(-3)*8*(-1095)/146. What is the highest common divisor of 380 and y?
20
Suppose c - 18 = 2*w, -5*c = 5*w - 89 - 31. Suppose -2*l = -2*g + 2*l + 468, g - 3*l = 230. Calculate the highest common factor of g and c.
22
Suppose s = -3*i + 29, -3*i + 4*s - 17 = -4*i. What is the highest common factor of i and 1?
1
Let s(t) = t**2 + 31*t - 16. Let u be s(7). What is the highest common factor of u and 100?
50
Let r(d) be the third derivative of 13*d**4/24 + d**3/6 - 5*d**2. Let v be r(-1). Let t = v - -18. What is the greatest common divisor of t and 42?
6
Let v(n) = -3*n + 94. Let k be v(11). What is the greatest common divisor of 122 and k?
61
Let r be 630/(-4)*680/(-102). Calculate the greatest common divisor of r and 42.
42
Let b(m) = 2*m + 28. Suppose 2*p = -3*p - i - 61, 3*i - 45 = 4*p. Let w be b(p). What is the highest common factor of w and 10?
2
Suppose -4*z = 12, -5*j - 16*z + 695 = -21*z. Calculate the greatest common divisor of j and 24.
8
Suppose -4*r - 507 = -c - 7*r, -2*c = -r - 986. Suppose -2*l = -5*v + c, -3*v = -2*v + 5*l - 99. Calculate the greatest common factor of 9 and v.
9
Let c(m) = m**3 + 3*m**2 - 4*m - 1. Let n be c(-3). Calculate the highest common factor of n and 33.
11
Let a = -60 - -86. Let y = a + 22. Suppose -4*p + 2*p + 10 = 2*k, -4*k - 3*p = -21. Calculate the greatest common factor of k and y.
6
Let d(p) = p + 57. Let m be d(-15). Calculate the highest common factor of m and 63.
21
Suppose -4*j - 11*j + 570 = 0. What is the greatest common divisor of j and 418?
38
Suppose 11*i = -24*i + 5005. What is the greatest common divisor of 13 and i?
13
Let b(m) = 5*m + 50. Let h be b(-11). Let r be h*8/(-180) + (-68)/(-18). Calculate the greatest common factor of 28 and r.
4
Suppose -6*y = -y + 315. Let r be (-18)/y + (-388)/(-14) + -1. Calculate the greatest common factor of 9 and r.
9
Let x = 234 + -338. Let s = 170 + x. Suppose 3*n - 5*u = 2*n - 9, 0 = -3*u + 9. Calculate the greatest common divisor of s and n.
6
Suppose -2*q - 17 = 5*f, -4*q = -16 - 0. Let r be 37 - f/(5/(-3)). Calculate the greatest common factor of r and 17.
17
Let r be (98 - -1)/(2/6). Let o(q) = 6*q - 6. Let d be o(-5). Let m = d - -63. What is the greatest common divisor of m and r?
27
Suppose 3*c + 3*s - 25 = 17, 5*c = -s + 58. Let v be 0 - -7 - 22/c. Let g be (-4)/(-10) - 148/(-5). Calculate the greatest common factor of v and g.
5
Let d be 11/((-66)/(-12)) + 1361 + 2. What is the highest common divisor of d and 105?
105
Let b(f) = 70*f**3 + f - 1. Let w be b(1). Let z = 531 + -521. What is the greatest common factor of z and w?
10
Let m(p) = p**2 + 16*p + 68. Let i be m(-11). What is the greatest common factor of 637 and i?
13
Let d be (-2)/6*(-39 + -57). What is the greatest common divisor of 32 and d?
32
Let n be (-129)/(-301) - 1170/(-14). Calculate the highest common divisor of 24 and n.
12
Let o = -9 + 17. Suppose -f + i = -50, -146 - o = -3*f + 5*i. What is the highest common factor of 24 and f?
24
Suppose 4230 = -13*r + 28*r. Calculate the highest common factor of 6 and r.
6
Let l be (2 + 0 - 1)/(-1). Let d be (-6)/(-3)*l*-18. Let s(p) = -2*p - 7. Let c be s(-8). What is the highest common factor of d and c?
9
Suppose -5*p + 5*f + 565 = 0, 2*f + 335 = 3*p - 3*f. Let r = p + -103. Calculate the highest common divisor of r and 16.
4
Let l(r) = r**3 + 8*r**2 + 12*r + 11. Let v be l(-5). What is the highest common divisor of v and 13?
13
Suppose -w + 80 = a, -3*a - 2*a + 396 = 3*w. Calculate the highest common divisor of a and 156.
78
Suppose 2 - 8 = -2*w. Suppose 0 = 8*g - w*g - 10. Suppose -20 = -g*t + 20. What is the highest common factor of t and 5?
5
Let d(r) = r**3 - 13*r**2 + 16*r + 1. Let s be d(11). Let p = s - -92. What is the highest common divisor of 54 and p?
27
Let h be 2/9 + 868/63. Suppose 2*v + 50 - h = 0. Let r = v - -28. Calculate the highest common factor of r and 70.
10
Suppose -6*m + 5*m = -16. What is the highest common factor of 56 and m?
8
Suppose 0 = -5*j - 20 + 80. Let n = 10 - j. Let l be n/(-3) - (-132)/18. Calculate the greatest common divisor of l and 1.
1
Suppose 4 = -4*m, 0*m + 67 = 3*b - 4*m. Calculate the highest common factor of b and 1092.
21
Let n(c) = c**2 - 6*c + 3. Let f = 21 + -14. Let w be n(f). Let d be 396/(-55)*w/(-3). Calculate the highest common factor of 36 and d.
12
Suppose -4*q - 60 = -9*q. Suppose 0 = -5*u - h + 92, 199*u - 3*h + 42 = 201*u. What is the highest common divisor of u and q?
6
Let v(y) = 31*y**2 - 3*y - 27. Let x be v(-4). What is the greatest common factor of x and 13?
13
Suppose -4*t = 3*r - 414, -8*t + 690 = 5*r - 4*t. Calculate the greatest common factor of 1058 and r.
46
Let l be (-6)/(-27) + (-5)/90*-122. Suppose 714 = 9*p - l*p. What is the highest common factor of 51 and p?
51
Let t(d) = -d - 1. Let c be t(-6). Suppose g - 6*g + 69 = 2*p, -c*g = -25. Let m = -16 + p. Calculate the highest common divisor of 6 and m.
6
Suppose 2944 = 10*j + 124*j - 138. Let f(w) = -w. Let u be f(-2). Suppose 0*m = u*m - 46. What is the highest common factor of m and j?
23
Suppose -3*c = 5*j - 2719, 4*j + 70*c - 2182 = 71*c. What is the highest common factor of 5 and j?
5
Let v(p) = 3*p**3 - 3*p**2 + 7*p - 5. Let w be v(3). Calculate the highest common factor of 28 and w.
14
Let t be 64/((-4 + 1)*(-3)/45). Suppose 3*j = -95 + t. Let p be 268/9 + 4/18. Calculate the greatest common factor of p and j.
15
Suppose 3*n = 2*n + 48. Let l = -12 - -9. Let i = 3 - l. Calculate the greatest common fa